m + 281. Calculate the greatest common divisor of x and l.
10
Suppose 3*v = g + 11, -4*g + 0*g = -4. Suppose 5*o = 0, 0*o + o + 24 = v*h. Suppose -h*k + 3*k + 27 = 0. What is the greatest common factor of k and 3?
3
Suppose -2*t + 9 = -17. Suppose 5*a - 12 = t. Suppose -43 = -a*j + 37. What is the highest common divisor of 32 and j?
16
Suppose -8*c = -952 + 232. What is the greatest common divisor of c and 10?
10
Let h(a) = 6*a**2 + 2*a - 8. Let k be h(3). Let i be (11 + -10 + (-3)/4)*k. What is the highest common divisor of i and 52?
13
Let x(r) = 6*r - 19*r - 8*r**2 - r**3 + r**2 + 6 - 11*r. Let c be x(-6). What is the greatest common factor of 38 and c?
38
Let x(t) = t**3 - 13*t**2 - 5*t + 10. Let g be x(14). Calculate the greatest common factor of g and 102.
34
Let s be 2/(-2)*(29 - 41). What is the greatest common factor of s and 15?
3
Suppose 4*a = -9*a + 650. Suppose 0 = -4*g - 4. Let n = g - -11. Calculate the highest common factor of a and n.
10
Let u(b) = -6*b + 33 + b - 23. Let o be u(-5). What is the greatest common factor of o and 5?
5
Let i = -1076 - -2613. What is the greatest common factor of 29 and i?
29
Suppose -36 - 18 = -3*h. Let c(t) = -t. Let o(m) = 2*m + 13. Let x(j) = -3*c(j) - o(j). Let g be x(h). Calculate the greatest common divisor of 20 and g.
5
Suppose 0 = 3*b + 16 + 20. Let l be (-45)/b - 6/8. Let m = l - -4. Calculate the greatest common factor of m and 35.
7
Suppose 3*b - 1228 = 797. Calculate the highest common divisor of 25 and b.
25
Suppose -377 = -57*k + 649. Let p be 107/2 - (-3)/6. What is the greatest common factor of p and k?
18
Suppose -87 = -13*s + 121. Suppose 16 = -0*i + i. Calculate the greatest common factor of i and s.
16
Let n(h) = h**2 + 15*h + 25. Let j be n(-14). Suppose 25 = j*q - 6*q. What is the highest common factor of 5 and q?
5
Suppose 44*n + 4104 = 68*n. Calculate the greatest common divisor of n and 9.
9
Suppose 0 = -32*c + 113 + 1167. What is the greatest common divisor of c and 440?
40
Suppose c - 4*b + 3 = 2, -3*c + 2*b = -7. Calculate the highest common factor of 321 and c.
3
Suppose f = 3*z - 1745, -3*f = -7*z + 2*z + 2915. Calculate the highest common divisor of 60 and z.
20
Let j = -21 - -23. Let h(z) = 3*z**2 + 4*z - 7. Let c be h(j). What is the highest common factor of c and 325?
13
Suppose -39*s + 1103 = 534 - 1069. Let z(j) = -2*j**3 - 2*j**2 - 2*j. Let t be z(-2). What is the greatest common factor of t and s?
6
Let q = 1738 - 1174. Let b be q/18*6/(-4). Let v be b*(2 + -3) - -2. Calculate the greatest common factor of v and 7.
7
Let g = 106 - 48. What is the greatest common divisor of g and 464?
58
Suppose 64*w + 28*w = 179400. Calculate the highest common factor of 30 and w.
30
Let m = -2765 + 3062. What is the greatest common factor of 459 and m?
27
Suppose 6*i + 5*o = i + 25, 2*o = 5*i + 3. Let f = 22 - i. Calculate the highest common divisor of 14 and f.
7
Suppose p + 3*p = 8. Suppose 5*u - 27 = 2*j, 0 = p*u + j + 5 - 23. Calculate the highest common factor of 21 and u.
7
Let o be (-10)/4*(112/35)/4. Let s be 4 + 4/(-8)*o. What is the highest common factor of s and 35?
5
Let p = 303 - 161. Suppose -11*c + p = -826. Let n be ((-2)/1)/((-4)/22). Calculate the greatest common factor of n and c.
11
Let m(n) = -n**3 + 10*n**2 - 8*n - 9. Let a be m(9). Suppose a = -0*i - 2*i + 36. Calculate the highest common factor of i and 162.
18
Let h = -169 + 430. Calculate the greatest common divisor of h and 58.
29
Let b = 923 + -888. What is the greatest common factor of 2205 and b?
35
Let j be (4 + -15)*(-2 + 1). Let l = j + -3. Let x be 158/l + (-1)/(-4). Calculate the greatest common divisor of 4 and x.
4
Suppose -4*q - 35 = 77. Let c be (8 + -1)*((-216)/q)/9. What is the greatest common divisor of c and 15?
3
Suppose -5*s - 10 = -25. Suppose s*k = k. Suppose 2*q + 1 - 31 = k. Calculate the greatest common factor of 3 and q.
3
Suppose 0 = -52*v + 59*v - 588. What is the greatest common divisor of v and 12?
12
Suppose -c = c - 32. Let n(p) = -9*p + 8*p**2 + 9*p**2 + 3*p - 5 - 16*p**2. Let d be n(7). What is the greatest common divisor of d and c?
2
Let b be ((-105)/6)/((-1)/2). Suppose 0 = 8*a - 13*a + b. What is the highest common factor of 49 and a?
7
Let f = 518 - 393. Calculate the highest common factor of 75 and f.
25
Let n be 5 - (2782/(-14) - 64/224). What is the greatest common divisor of n and 1734?
102
Let i be ((-3)/2)/(3/(-16)). Let k be 3 - (-4 + 4 - -2). Suppose 0 = t - 3*w - k, -5*t + 4*w + i + 19 = 0. What is the highest common factor of t and 7?
7
Suppose -2*w + 158 = 3*g, -3*w + 82 = 2*g - 25. What is the greatest common divisor of 598 and g?
26
Let z = -6 + 3. Let m = z - -19. Let o = m - -76. What is the highest common divisor of 23 and o?
23
Let q(i) = i. Let y(d) = d - 5. Let h(w) = 2*q(w) + y(w). Let x be h(3). Calculate the highest common divisor of x and 32.
4
Let r be (-25)/(-5) + -7 - 8*-1. Let a be (8/r)/(2/108). Calculate the highest common divisor of a and 8.
8
Let y be -108*(1 + (-9)/6). Suppose -5*f + 85 = -4*k, 5*k - 3 = 3*f - y. Calculate the highest common factor of 119 and f.
17
Let s be 4278/(-66) - 2/11. Let o be s*(24/10)/(-3). Calculate the highest common divisor of o and 13.
13
Let p(u) = -74*u - 3. Let z be p(-5). Let n = z + -235. Let s(x) = 13*x**3 + 4*x**2 - 4*x - 1. Let f be s(1). Calculate the greatest common factor of n and f.
12
Let r(i) = -24*i - 18*i - i**3 + i**2 + 1 + 40*i. Let z be r(0). Suppose 0 = t - 8 + z. What is the greatest common factor of 28 and t?
7
Let k(d) = 38*d**2. Let c be 441/28 - (-1)/4. Let r be c/12 + 8/12. Let f be k(r). Calculate the highest common divisor of f and 19.
19
Let y(k) = 2*k - k**2 + 3*k**3 - 4 - 2 - 4 + 4. Let r be y(2). What is the greatest common factor of r and 18?
18
Let g = 14 + -13. Let p be 1071/(-56) + g/8. Let a = -13 - p. Calculate the highest common factor of 12 and a.
6
Let r = -40 + -28. Let d = r - -124. Calculate the highest common factor of d and 8.
8
Suppose p - 229 = -5*s, p = 7*s - 10*s + 139. Suppose l + 5 - 10 = 0. Calculate the greatest common factor of s and l.
5
Let p = 96 + 3. Suppose 0 = -2*t - 3*z + 39, p = 4*t + 2*z + 33. Calculate the highest common factor of 60 and t.
15
Let l = 104 + -167. Let q = l + 73. What is the highest common factor of 80 and q?
10
Let v be (336/72)/(6/9). What is the highest common factor of 91 and v?
7
Let o = 21 + -17. Suppose 0 = o*x + 2*x - 456. What is the greatest common factor of 114 and x?
38
Let k(a) = -a + 14*a**2 - a - 2 - 1 - 11*a**2. Let f be k(-2). Let y = 149 + -84. What is the highest common divisor of f and y?
13
Suppose b = -34 + 14. Let h = b + 30. What is the greatest common factor of h and 70?
10
Suppose 2*q + 52 = 4*k, -34 = q + 6*k - 4*k. Let j be ((-24)/9)/((-5)/q*-1). Calculate the highest common divisor of j and 1.
1
Suppose -11*x + 91 + 349 = 0. What is the greatest common factor of x and 168?
8
Let q be ((-120)/7)/((-5280)/(-588) + -9). What is the greatest common divisor of 175 and q?
35
Suppose 2*a + 141 = -3*a - 2*g, -2*g - 87 = 3*a. Let f = a - -18. Let p(h) = -h**2 - 7*h + 20. Let i be p(f). Calculate the highest common divisor of 1 and i.
1
Suppose 30*z - 19456 = -8*z. Calculate the greatest common factor of z and 32.
32
Let y be (-3)/4*-1*328. Calculate the greatest common factor of y and 369.
123
Let z(c) = 8*c + 2*c - 8 + 7*c + 2*c**2 - 7*c. Let t be z(-6). Suppose 124 = t*m - 92. What is the greatest common factor of 81 and m?
27
Suppose -r + 4 = -0. Suppose -f = r*s - 4*f - 68, 3*s - 34 = -2*f. Suppose 0 = -a + 13 + 57. Calculate the highest common factor of s and a.
14
Let z = 18121 - 18095. Let a = -507 + 715. What is the highest common divisor of z and a?
26
Let w be 50*((-36)/(-10) - 0). Suppose -10*l + 8 = -8*l. Let p be (l - (-378)/24) + (-1)/(-4). What is the highest common divisor of p and w?
20
Suppose 2*k + 0 - 6 = 0. Suppose -k*o - 4*t = -0*t - 45, -5*o - 5*t = -75. Suppose -o = -2*h + 39. What is the greatest common factor of h and 243?
27
Let o = 828 - 588. Let c(p) = -5*p - 70. Let s be c(-18). What is the greatest common factor of o and s?
20
Let w be 760/14 - 18/63. Let j be (1 - 2)/((-5)/20) - 2. Calculate the highest common factor of j and w.
2
Let o(r) = 3*r**2 - 8 + 8 - 24 + 5